2. Let t be (172/(-8))/(l/(-18)). Suppose -5*c = 0, -3*b - c - 2*c + t = 0. What is the tens digit of b?
4
Suppose 5*n - 33 = 3*n - 5*r, 0 = -3*n + 5*r - 13. What is the tens digit of (184 - 0)*13/(26/n)?
6
Suppose y - 12 = 3*b - 31, 4*b = -2*y - 18. Let v(z) = z**3 + 14*z**2 + z + 13. Let j be v(y). Suppose -j = -3*w + 113. What is the units digit of w?
4
Let u = 518 + -242. Let l = u + -40. What is the hundreds digit of l?
2
Let i be 0 + 0*(-1 + 2). Let o = -4275 - -4275. Suppose i*x - 2*x + 70 = o. What is the tens digit of x?
3
Let c be 11/(-2) - (1 - 20/8). Let s be ((-6)/c)/((-3)/18). What is the units digit of 3/s + (-494)/(-6)?
2
Suppose 3*p + 421 = -p - 5*d, 2*p - 4*d + 204 = 0. Let l = p - -945. What is the hundreds digit of l?
8
Suppose 17 = 5*o - 8, -4*x - 3 = o. Let k(g) = g**3 - g**2 + g + 1. Let z(d) = d**3 + 10*d**2 + 1. Let y(m) = x*k(m) + z(m). What is the units digit of y(10)?
9
Let z be 220 - 4/(-3)*(-51)/17. Suppose 6*q + 3*q = z. What is the units digit of q?
4
Let i(d) = -3*d**3 + 4*d**2 + d - 12. Let b(q) = -9*q**3 + 11*q**2 + 3*q - 38. Let x(t) = 2*b(t) - 7*i(t). What is the tens digit of x(4)?
0
Let f(c) = c**3 + 12*c**2 + 8*c + 5. Let s be f(-11). Let a = 43 - s. Suppose 4*k = -a*o + 160, -o + 45 - 4 = -k. What is the units digit of o?
6
Let t be (-4 + 6/2)*-3. Suppose t*w = 2*c - 42, 2*c = 5*w + c + 63. Let p(m) = 2*m**2 + 14*m + 5. What is the hundreds digit of p(w)?
1
Let j(u) = u**3 + 3*u**2 - 6*u - 1. Let l be j(-4). Let i = 4260 + -4433. What is the tens digit of 3 - (-1 + l) - i?
7
Let j = -203 + 147. What is the hundreds digit of (172/6)/(j/(-48) + -1)?
1
Let l(x) = -x**3 + 7*x**2 + 10*x - 19. What is the tens digit of l(-14)?
5
Suppose 21652*o - 21632*o - 1110380 = 0. What is the tens digit of o?
1
Let p(u) = 12*u**3 + 8*u + 7. Let d(i) = 24*i**3 - i**2 + 15*i + 12. Let v(x) = 3*d(x) - 5*p(x). What is the units digit of v(3)?
3
Let h = -168 + 168. What is the units digit of (10 - (h - -1))*(-40)/(-24)?
5
Suppose 5*s - 20 = 50. What is the tens digit of (-6831)/(-7) - (82/s + -6)?
7
Let f = 43464 + -22145. What is the units digit of f?
9
Let t be ((-39)/(-6) + 1)*(-10)/(-15). Suppose 7 = t*v - 8. Suppose v*k - 437 + 110 = 0. What is the hundreds digit of k?
1
Let v = -47 + 46. Let j be (-3)/(-1) + (v - -2). Suppose -270 = -2*i - j*n, 2*i - 4*n = -2*n + 276. What is the units digit of i?
7
Let z(w) be the first derivative of w**3/3 - 5*w**2/2 + 35*w + 54. What is the tens digit of z(6)?
4
Suppose 4*i - 2*i = -5*n + 982, 2*n - i = 400. Let b = n - 12. What is the tens digit of b?
8
Let h(w) = 4*w - 75. Let y be h(28). Suppose 2*d - 284 = -2*t, y*t + 704 = 5*d + 36*t. What is the hundreds digit of d?
1
Let z(d) = -189*d + 8978. What is the ten thousands digit of z(-104)?
2
Suppose t = -2*p + 3 + 6, 5*p - 4*t - 29 = 0. What is the tens digit of (-304 - p)/(30/(-80))?
2
Let t(g) = -g**3 - 6*g**2 - 2*g - 10. Let i be t(-5). Let m(b) = b**2 + b. Let d be m(7). Let u = d - i. What is the tens digit of u?
8
Let h(g) = 95*g**3 - 60*g**2 + 52*g + 28. What is the hundreds digit of h(9)?
8
Let f be (-1 - (-9772)/22) + 2/(-11). Let r = 737 - f. What is the tens digit of r?
9
Let l(x) = -x + 5. Let u be l(2). Let c be 20/4*(u - 2). Suppose -c*y + 4*d + 463 = 0, -99 = -2*y + 2*d + 87. What is the tens digit of y?
9
Suppose -2276 = -401*f + 403*f. Let l = f + 2855. What is the hundreds digit of l?
7
Suppose 4*u = 3*t + 26882, 3*t + 2094 = -u + 8837. What is the hundreds digit of u?
7
Suppose 17 = 2*s + 3*i - 6*i, s - 4*i - 21 = 0. What is the units digit of (-5)/(s/(-11) - (-20)/(-264))?
0
Let y(f) = f**2 + 20*f + 43. Let r be y(-18). Suppose 5*l - d = r*l - 515, 3*l - 5*d - 740 = 0. What is the units digit of l?
5
Let b(s) = -7*s + 19 - 8 - 86 + 17*s. What is the units digit of b(39)?
5
Suppose 2*d + 0*d + 3*u + 3 = 0, -5*u = -d + 5. Suppose -z - 2*n - 13 = 4*z, 3*z - 3*n + 12 = d. What is the units digit of (94 - 21) + z + 1?
1
Let s(c) be the first derivative of 8*c**3 + 11*c**2/2 + 15*c + 78. What is the hundreds digit of s(-3)?
1
Suppose -5*b - 665 = 4*g, -b - 844 = 5*g + b. Suppose 0 = 34*k - 12*k - 7106. Let x = k + g. What is the hundreds digit of x?
1
Let q = 91 + -88. Suppose 6*d = -q*c + d + 990, -9 = -3*d. What is the units digit of c?
5
What is the units digit of ((-408)/612)/(((-12)/(-35145))/(-2))?
5
Let p(l) = 184*l**2 - 84*l + 82. What is the ten thousands digit of p(-14)?
3
Suppose -b + 174 = -3*i, -5*b + 873 = -4*i + 36. Suppose 411*p - b = 400*p. What is the units digit of p?
5
Let q = 477 + -231. Let z = -7791 + 7924. Let d = q - z. What is the hundreds digit of d?
1
Suppose 4*w + w + 4*m = 17, 0 = -2*m - 4. Let r be ((-6)/(-4))/(((-15)/(-276))/w). What is the units digit of (r/(-8))/(36/(-96))?
6
Let a be (11/(110/(-12)))/(2/(-5)). Suppose -a*g = -2*u - 8, -u + 0*g + 3*g = 10. Suppose -127 = -y + u*s - 0*s, 5*y - s - 590 = 0. What is the tens digit of y?
1
Let d = 4540 - -1538. What is the thousands digit of d?
6
Let w(s) be the third derivative of 247*s**5/60 + s**4/24 + s**3/6 - 27*s**2. What is the hundreds digit of w(-2)?
9
Suppose -7*m - 149 = -184. Suppose -2565 = -5*t + m*u, -108 = t + 3*u - 613. What is the units digit of t?
1
Let x(o) = 1 - 2 + 6*o - 14*o - 5 - 18*o**2 + o**3. What is the tens digit of x(19)?
0
Suppose 4*x = -8*z + 5*z + 30458, -4*x = 4. What is the units digit of z?
4
Let u(t) = 227*t**3 - t**2 - 5*t + 9. Let m be u(2). Suppose 0 = 12*y - 793 - m. What is the hundreds digit of y?
2
Let m be 12 + (-2 + 4 - 2). Suppose -2*t = -h - 7, -5*t + 2*h + m = -2*t. Suppose 0 = v - t*v + 19. What is the tens digit of v?
1
Let k be (-148)/(-37)*(-1 - 17). What is the units digit of 183/4 - 18/k?
6
Let a = -10104 - -23043. What is the units digit of a?
9
Let m = -39895 - -96969. What is the tens digit of m?
7
Let i = 489 + -311. Let x(a) = 20*a - 6. Let f be x(-6). Let p = i + f. What is the tens digit of p?
5
Let b(o) = 1422*o**2 - 86*o - 278. What is the thousands digit of b(-3)?
2
Suppose 4488 = -4*b + 3*d, -8*d + 16 = -4*d. Let m = b + 2148. What is the hundreds digit of m?
0
Let v(x) = -6*x**2 - 39*x + 46. Let c(h) = -11*h**2 - 74*h + 93. Let a(u) = -4*c(u) + 7*v(u). What is the tens digit of a(18)?
1
Let u(l) = -2*l - 42. Let y be u(-18). Let v(i) = -336*i + 378. Let d(o) = -26*o + 29. Let x(s) = y*v(s) + 77*d(s). What is the tens digit of x(4)?
2
Let q(p) be the second derivative of -p**5/10 + p**3/3 + 5*p**2/2 - 42*p. Let r be q(0). Suppose r*s = 7*s - 142. What is the tens digit of s?
7
Suppose 0 = 5*s + 2*v - 9741, -3944 = -2*s + 13*v - 7*v. What is the tens digit of s?
5
Let s be (-474)/(-4) - (5 + 1)/12. Let o be -35 + 0 + (1 - 2). Let m = s + o. What is the units digit of m?
2
Let y(r) = -126*r + 266. What is the hundreds digit of y(-57)?
4
Suppose -5*k = 5*i - 1 + 11, 3*k + 5*i + 10 = 0. Suppose -10*q + 2*q + 320 = 0. Suppose q = -k*j + 2*j. What is the tens digit of j?
2
Let b(s) = -3*s**3 - 70*s**2 - 57*s - 44. Let y(o) = -o**3 - 23*o**2 - 19*o - 15. Let c(z) = 3*b(z) - 8*y(z). What is the tens digit of c(-26)?
8
Suppose 0 = -j - 5*i + 107, -2*j = -j - 5*i - 157. Let l = j + -48. What is the units digit of 1/(-3) + 7/(l/160)?
3
Let r = 85 - 43. Let c be 8/12*-27*(-3)/18. What is the hundreds digit of -4 + 2 + -2 + c*r?
1
Suppose 3*a + 2221 = 3*l - 449, -3*a + 2646 = 3*l. Suppose 0 = -7*u + 10203 - l. What is the units digit of u?
1
Suppose 13 + 11 = 8*o. Suppose 5*x + 17*g - 1744 = 18*g, 5*x = o*g + 1752. What is the hundreds digit of x?
3
Let n = 11497 - -1308. What is the thousands digit of n?
2
Let x(v) be the first derivative of -v**4/4 - 8*v**2 - 10*v - 102. What is the units digit of x(-6)?
2
Suppose 2*y + 31990 = 5*a, 42*y + 25592 = 4*a + 46*y. What is the hundreds digit of a?
3
Let w = 56 + -60. Let y be 1/2 + (-26)/w. Let g(x) = 2*x**2 - 7*x + 9. What is the units digit of g(y)?
8
Let k = 226 - -67. Let c = 551 - k. What is the hundreds digit of c?
2
Suppose -6 = 3*c, -370306 = -14*j + 5*c - 2*c. What is the thousands digit of j?
6
Let a(q) = -5*q - 16. Let i be a(-5). Let r = -48 + i. Let k = r + 53. What is the units digit of k?
4
Suppose -3*a + 1628 = 1289. Let i = 1187 - a. What is the hundreds digit of i?
0
Suppose 2 = 2*b, -307*c + 305*c = 5*b - 17739. Wha